{"id":1733,"date":"2017-02-20T01:56:48","date_gmt":"2017-02-20T01:56:48","guid":{"rendered":"http:\/\/nordestealarme.pt\/?page_id=1733"},"modified":"2017-03-11T11:40:19","modified_gmt":"2017-03-11T11:40:19","slug":"sinalizacao-pedido-de-informacao","status":"publish","type":"page","link":"https:\/\/nordestealarme.pt\/?page_id=1733","title":{"rendered":"Pedido de Informa\u00e7\u00f5es &#8211; Sinaliza\u00e7\u00e3o &#8211; Plantas de Emerg\u00eancia"},"content":{"rendered":"<h4>Para mais informa\u00e7\u00f5es sobre a nossa vasta gama de produtos de sinaliza\u00e7\u00e3o por favor preencha o seguinte formul\u00e1rio.<\/h4>\n<p>&nbsp;<br \/>\n&nbsp;<\/p>\n<div class=\"cognito\">\n<script src=\"https:\/\/services.cognitoforms.com\/s\/qht94DcjKUafZgZ1FPIIYQ\"><\/script><br \/>\n<script>Cognito.load(\"forms\", { id: \"1\" , entry: { \"Familia\": \"Plantas de Emerg\u00eancia\"}});<\/script>\n<\/div>\n","protected":false},"excerpt":{"rendered":"<p>Para mais informa\u00e7\u00f5es sobre a nossa vasta gama de produtos de sinaliza\u00e7\u00e3o por favor preencha o seguinte formul\u00e1rio. &nbsp; &nbsp;<\/p>\n","protected":false},"author":1,"featured_media":0,"parent":1561,"menu_order":0,"comment_status":"closed","ping_status":"closed","template":"","meta":[],"yoast_head":"<!-- This site is optimized with the Yoast SEO plugin v17.4 - https:\/\/yoast.com\/wordpress\/plugins\/seo\/ -->\n<meta name=\"robots\" content=\"index, follow, max-snippet:-1, max-image-preview:large, max-video-preview:-1\" \/>\n<link rel=\"canonical\" href=\"http:\/\/nordestealarme.pt\/?page_id=1733\" \/>\n<meta property=\"og:locale\" content=\"pt_PT\" \/>\n<meta property=\"og:type\" content=\"article\" \/>\n<meta property=\"og:title\" content=\"Pedido de Informa\u00e7\u00f5es - Sinaliza\u00e7\u00e3o - Plantas de Emerg\u00eancia - NordesteAlarme\" \/>\n<meta property=\"og:description\" content=\"Para mais informa\u00e7\u00f5es sobre a nossa vasta gama de produtos de sinaliza\u00e7\u00e3o por favor preencha o seguinte formul\u00e1rio. &nbsp; &nbsp;\" \/>\n<meta property=\"og:url\" content=\"http:\/\/nordestealarme.pt\/?page_id=1733\" \/>\n<meta property=\"og:site_name\" content=\"NordesteAlarme\" \/>\n<meta property=\"article:publisher\" content=\"https:\/\/www.facebook.com\/Nordeste-Alarme-346666698692284\/?fref=ts\" \/>\n<meta property=\"article:modified_time\" content=\"2017-03-11T11:40:19+00:00\" \/>\n<meta name=\"twitter:card\" content=\"summary\" \/>\n<script type=\"application\/ld+json\" class=\"yoast-schema-graph\">{\"@context\":\"https:\/\/schema.org\",\"@graph\":[{\"@type\":\"Organization\",\"@id\":\"http:\/\/nordestealarme.pt\/#organization\",\"name\":\"Nordeste Alarme - Servi\\u00e7os de Tecnologia de Seguran\\u00e7a, Lda\",\"url\":\"http:\/\/nordestealarme.pt\/\",\"sameAs\":[\"https:\/\/www.facebook.com\/Nordeste-Alarme-346666698692284\/?fref=ts\"],\"logo\":{\"@type\":\"ImageObject\",\"@id\":\"http:\/\/nordestealarme.pt\/#logo\",\"inLanguage\":\"pt-PT\",\"url\":\"https:\/\/nordestealarme.pt\/wp-content\/uploads\/2017\/02\/logonomargin.png\",\"contentUrl\":\"https:\/\/nordestealarme.pt\/wp-content\/uploads\/2017\/02\/logonomargin.png\",\"width\":206,\"height\":49,\"caption\":\"Nordeste Alarme - Servi\\u00e7os de Tecnologia de Seguran\\u00e7a, Lda\"},\"image\":{\"@id\":\"http:\/\/nordestealarme.pt\/#logo\"}},{\"@type\":\"WebSite\",\"@id\":\"http:\/\/nordestealarme.pt\/#website\",\"url\":\"http:\/\/nordestealarme.pt\/\",\"name\":\"NordesteAlarme\",\"description\":\"Servi\\u00e7os de Tecnologia e Seguran\\u00e7a\",\"publisher\":{\"@id\":\"http:\/\/nordestealarme.pt\/#organization\"},\"potentialAction\":[{\"@type\":\"SearchAction\",\"target\":{\"@type\":\"EntryPoint\",\"urlTemplate\":\"http:\/\/nordestealarme.pt\/?s={search_term_string}\"},\"query-input\":\"required name=search_term_string\"}],\"inLanguage\":\"pt-PT\"},{\"@type\":\"WebPage\",\"@id\":\"http:\/\/nordestealarme.pt\/?page_id=1733#webpage\",\"url\":\"http:\/\/nordestealarme.pt\/?page_id=1733\",\"name\":\"Pedido de Informa\\u00e7\\u00f5es - Sinaliza\\u00e7\\u00e3o - Plantas de Emerg\\u00eancia - NordesteAlarme\",\"isPartOf\":{\"@id\":\"http:\/\/nordestealarme.pt\/#website\"},\"datePublished\":\"2017-02-20T01:56:48+00:00\",\"dateModified\":\"2017-03-11T11:40:19+00:00\",\"breadcrumb\":{\"@id\":\"http:\/\/nordestealarme.pt\/?page_id=1733#breadcrumb\"},\"inLanguage\":\"pt-PT\",\"potentialAction\":[{\"@type\":\"ReadAction\",\"target\":[\"http:\/\/nordestealarme.pt\/?page_id=1733\"]}]},{\"@type\":\"BreadcrumbList\",\"@id\":\"http:\/\/nordestealarme.pt\/?page_id=1733#breadcrumb\",\"itemListElement\":[{\"@type\":\"ListItem\",\"position\":1,\"name\":\"In\\u00edcio\",\"item\":\"http:\/\/nordestealarme.pt\/\"},{\"@type\":\"ListItem\",\"position\":2,\"name\":\"Servi\\u00e7os\",\"item\":\"http:\/\/nordestealarme.pt\/?page_id=198\"},{\"@type\":\"ListItem\",\"position\":3,\"name\":\"Sinaliza\\u00e7\\u00e3o\",\"item\":\"http:\/\/nordestealarme.pt\/?page_id=1561\"},{\"@type\":\"ListItem\",\"position\":4,\"name\":\"Pedido de Informa\\u00e7\\u00f5es &#8211; Sinaliza\\u00e7\\u00e3o &#8211; Plantas de Emerg\\u00eancia\"}]}]}<\/script>\n<!-- \/ Yoast SEO plugin. -->","yoast_head_json":{"robots":{"index":"index","follow":"follow","max-snippet":"max-snippet:-1","max-image-preview":"max-image-preview:large","max-video-preview":"max-video-preview:-1"},"canonical":"http:\/\/nordestealarme.pt\/?page_id=1733","og_locale":"pt_PT","og_type":"article","og_title":"Pedido de Informa\u00e7\u00f5es - Sinaliza\u00e7\u00e3o - Plantas de Emerg\u00eancia - NordesteAlarme","og_description":"Para mais informa\u00e7\u00f5es sobre a nossa vasta gama de produtos de sinaliza\u00e7\u00e3o por favor preencha o seguinte formul\u00e1rio. &nbsp; &nbsp;","og_url":"http:\/\/nordestealarme.pt\/?page_id=1733","og_site_name":"NordesteAlarme","article_publisher":"https:\/\/www.facebook.com\/Nordeste-Alarme-346666698692284\/?fref=ts","article_modified_time":"2017-03-11T11:40:19+00:00","twitter_card":"summary","schema":{"@context":"https:\/\/schema.org","@graph":[{"@type":"Organization","@id":"http:\/\/nordestealarme.pt\/#organization","name":"Nordeste Alarme - Servi\u00e7os de Tecnologia de Seguran\u00e7a, Lda","url":"http:\/\/nordestealarme.pt\/","sameAs":["https:\/\/www.facebook.com\/Nordeste-Alarme-346666698692284\/?fref=ts"],"logo":{"@type":"ImageObject","@id":"http:\/\/nordestealarme.pt\/#logo","inLanguage":"pt-PT","url":"https:\/\/nordestealarme.pt\/wp-content\/uploads\/2017\/02\/logonomargin.png","contentUrl":"https:\/\/nordestealarme.pt\/wp-content\/uploads\/2017\/02\/logonomargin.png","width":206,"height":49,"caption":"Nordeste Alarme - Servi\u00e7os de Tecnologia de Seguran\u00e7a, Lda"},"image":{"@id":"http:\/\/nordestealarme.pt\/#logo"}},{"@type":"WebSite","@id":"http:\/\/nordestealarme.pt\/#website","url":"http:\/\/nordestealarme.pt\/","name":"NordesteAlarme","description":"Servi\u00e7os de Tecnologia e Seguran\u00e7a","publisher":{"@id":"http:\/\/nordestealarme.pt\/#organization"},"potentialAction":[{"@type":"SearchAction","target":{"@type":"EntryPoint","urlTemplate":"http:\/\/nordestealarme.pt\/?s={search_term_string}"},"query-input":"required name=search_term_string"}],"inLanguage":"pt-PT"},{"@type":"WebPage","@id":"http:\/\/nordestealarme.pt\/?page_id=1733#webpage","url":"http:\/\/nordestealarme.pt\/?page_id=1733","name":"Pedido de Informa\u00e7\u00f5es - Sinaliza\u00e7\u00e3o - Plantas de Emerg\u00eancia - NordesteAlarme","isPartOf":{"@id":"http:\/\/nordestealarme.pt\/#website"},"datePublished":"2017-02-20T01:56:48+00:00","dateModified":"2017-03-11T11:40:19+00:00","breadcrumb":{"@id":"http:\/\/nordestealarme.pt\/?page_id=1733#breadcrumb"},"inLanguage":"pt-PT","potentialAction":[{"@type":"ReadAction","target":["http:\/\/nordestealarme.pt\/?page_id=1733"]}]},{"@type":"BreadcrumbList","@id":"http:\/\/nordestealarme.pt\/?page_id=1733#breadcrumb","itemListElement":[{"@type":"ListItem","position":1,"name":"In\u00edcio","item":"http:\/\/nordestealarme.pt\/"},{"@type":"ListItem","position":2,"name":"Servi\u00e7os","item":"http:\/\/nordestealarme.pt\/?page_id=198"},{"@type":"ListItem","position":3,"name":"Sinaliza\u00e7\u00e3o","item":"http:\/\/nordestealarme.pt\/?page_id=1561"},{"@type":"ListItem","position":4,"name":"Pedido de Informa\u00e7\u00f5es &#8211; Sinaliza\u00e7\u00e3o &#8211; Plantas de Emerg\u00eancia"}]}]}},"_links":{"self":[{"href":"https:\/\/nordestealarme.pt\/index.php?rest_route=\/wp\/v2\/pages\/1733"}],"collection":[{"href":"https:\/\/nordestealarme.pt\/index.php?rest_route=\/wp\/v2\/pages"}],"about":[{"href":"https:\/\/nordestealarme.pt\/index.php?rest_route=\/wp\/v2\/types\/page"}],"author":[{"embeddable":true,"href":"https:\/\/nordestealarme.pt\/index.php?rest_route=\/wp\/v2\/users\/1"}],"replies":[{"embeddable":true,"href":"https:\/\/nordestealarme.pt\/index.php?rest_route=%2Fwp%2Fv2%2Fcomments&post=1733"}],"version-history":[{"count":15,"href":"https:\/\/nordestealarme.pt\/index.php?rest_route=\/wp\/v2\/pages\/1733\/revisions"}],"predecessor-version":[{"id":2096,"href":"https:\/\/nordestealarme.pt\/index.php?rest_route=\/wp\/v2\/pages\/1733\/revisions\/2096"}],"up":[{"embeddable":true,"href":"https:\/\/nordestealarme.pt\/index.php?rest_route=\/wp\/v2\/pages\/1561"}],"wp:attachment":[{"href":"https:\/\/nordestealarme.pt\/index.php?rest_route=%2Fwp%2Fv2%2Fmedia&parent=1733"}],"curies":[{"name":"wp","href":"https:\/\/api.w.org\/{rel}","templated":true}]}}