{"id":1607,"date":"2017-02-14T00:29:32","date_gmt":"2017-02-14T00:29:32","guid":{"rendered":"http:\/\/nordestealarme.pt\/?page_id=1607"},"modified":"2017-03-04T11:50:11","modified_gmt":"2017-03-04T11:50:11","slug":"manutencao","status":"publish","type":"page","link":"https:\/\/nordestealarme.pt\/?page_id=1607","title":{"rendered":"Manuten\u00e7\u00e3o"},"content":{"rendered":"<p>&nbsp;<\/p>\n<p>Um extintor \u00e9\u00a0 um equipamento de seguran\u00e7a de protec\u00e7\u00e3o activa cujo foco \u00e9\u00a0auxiliar na prote\u00e7\u00e3o e combate inicial a\u00a0focos de inc\u00eandio, evitando assim que estes se transformem em situa\u00e7\u00f5es de maior dimens\u00e3o e de mais dificil extin\u00e7\u00e3o.<\/p>\n<p>A carga do extintor\u00a0\u00e9 de dura\u00e7\u00e3o e carga limitada, sendo assim cr\u00edtico ter informa\u00e7\u00e3o sobre como utilizar e quando deve ser utilizado.<\/p>\n<p>A<strong> manuten\u00e7\u00e3<\/strong>o \u00e9 um dos aspectos mais relevantes dos extintores, sendo inclusiv\u00e9 obrigat\u00f3ria \u00e0 luz da legisla\u00e7\u00e3o em vigor, devendo ser realizada anualmente ou sempre que o extintor for utilizador.<\/p>\n<p>&nbsp;<\/p>\n<p><img loading=\"lazy\" class=\"wp-image-1937 size-thumbnail alignnone\" src=\"http:\/\/nordestealarme.pt\/wp-content\/uploads\/2017\/02\/extintores1-150x150.jpg\" width=\"150\" height=\"150\" srcset=\"https:\/\/nordestealarme.pt\/wp-content\/uploads\/2017\/02\/extintores1-150x150.jpg 150w, https:\/\/nordestealarme.pt\/wp-content\/uploads\/2017\/02\/extintores1-60x60.jpg 60w\" sizes=\"(max-width: 150px) 100vw, 150px\" \/>\u00a0 \u00a0 \u00a0 \u00a0 \u00a0 \u00a0 \u00a0 \u00a0 \u00a0 \u00a0 \u00a0 \u00a0 \u00a0 \u00a0 \u00a0\u00a0<img loading=\"lazy\" class=\"wp-image-1936 size-medium alignnone\" src=\"http:\/\/nordestealarme.pt\/wp-content\/uploads\/2017\/02\/extintor2-300x171.png\" width=\"300\" height=\"171\" srcset=\"https:\/\/nordestealarme.pt\/wp-content\/uploads\/2017\/02\/extintor2-300x171.png 300w, https:\/\/nordestealarme.pt\/wp-content\/uploads\/2017\/02\/extintor2-24x14.png 24w, https:\/\/nordestealarme.pt\/wp-content\/uploads\/2017\/02\/extintor2-36x21.png 36w, https:\/\/nordestealarme.pt\/wp-content\/uploads\/2017\/02\/extintor2-48x27.png 48w, https:\/\/nordestealarme.pt\/wp-content\/uploads\/2017\/02\/extintor2.png 700w\" sizes=\"(max-width: 300px) 100vw, 300px\" \/>\u00a0 \u00a0 \u00a0 \u00a0 \u00a0 \u00a0 \u00a0 \u00a0 \u00a0 \u00a0 \u00a0 \u00a0 \u00a0 \u00a0 \u00a0\u00a0<img loading=\"lazy\" class=\"wp-image-1935 size-medium alignnone\" src=\"http:\/\/nordestealarme.pt\/wp-content\/uploads\/2017\/02\/entintor1-300x171.png\" width=\"300\" height=\"171\" srcset=\"https:\/\/nordestealarme.pt\/wp-content\/uploads\/2017\/02\/entintor1-300x171.png 300w, https:\/\/nordestealarme.pt\/wp-content\/uploads\/2017\/02\/entintor1-24x14.png 24w, https:\/\/nordestealarme.pt\/wp-content\/uploads\/2017\/02\/entintor1-36x21.png 36w, https:\/\/nordestealarme.pt\/wp-content\/uploads\/2017\/02\/entintor1-48x27.png 48w, https:\/\/nordestealarme.pt\/wp-content\/uploads\/2017\/02\/entintor1.png 700w\" sizes=\"(max-width: 300px) 100vw, 300px\" \/><\/p>\n<p>&nbsp;<\/p>\n<p>&nbsp;<\/p>\n<h4 style=\"text-align: center;\"><em>Procura um Servi\u00e7o de Manuten\u00e7\u00e3o de Extintores?<\/em><\/h4>\n<p style=\"text-align: center;\"><a href=\"http:\/\/nordestealarme.pt\/?page_id=1506\" class=\"button button_hilite tiny_button\"  target='_blank'>Fale Connoso<\/a>\n","protected":false},"excerpt":{"rendered":"<p>&nbsp; Um extintor \u00e9\u00a0 um equipamento de seguran\u00e7a de protec\u00e7\u00e3o activa cujo foco \u00e9\u00a0auxiliar na prote\u00e7\u00e3o e combate inicial a\u00a0focos de inc\u00eandio, evitando assim que estes se transformem em situa\u00e7\u00f5es de maior dimens\u00e3o e de mais dificil extin\u00e7\u00e3o. A carga do extintor\u00a0\u00e9 de dura\u00e7\u00e3o e carga limitada, sendo assim cr\u00edtico ter informa\u00e7\u00e3o sobre como utilizar [&hellip;]<\/p>\n","protected":false},"author":1,"featured_media":1937,"parent":198,"menu_order":0,"comment_status":"closed","ping_status":"closed","template":"","meta":[],"yoast_head":"<!-- This site is optimized with the Yoast SEO plugin v17.4 - https:\/\/yoast.com\/wordpress\/plugins\/seo\/ -->\n<meta name=\"robots\" content=\"index, follow, max-snippet:-1, max-image-preview:large, max-video-preview:-1\" \/>\n<link rel=\"canonical\" href=\"https:\/\/nordestealarme.pt\/?page_id=1607\" \/>\n<meta property=\"og:locale\" content=\"pt_PT\" \/>\n<meta property=\"og:type\" content=\"article\" \/>\n<meta property=\"og:title\" content=\"Manuten\u00e7\u00e3o - NordesteAlarme\" \/>\n<meta property=\"og:description\" content=\"&nbsp; Um extintor \u00e9\u00a0 um equipamento de seguran\u00e7a de protec\u00e7\u00e3o activa cujo foco \u00e9\u00a0auxiliar na prote\u00e7\u00e3o e combate inicial a\u00a0focos de inc\u00eandio, evitando assim que estes se transformem em situa\u00e7\u00f5es de maior dimens\u00e3o e de mais dificil extin\u00e7\u00e3o. A carga do extintor\u00a0\u00e9 de dura\u00e7\u00e3o e carga limitada, sendo assim cr\u00edtico ter informa\u00e7\u00e3o sobre como utilizar [&hellip;]\" \/>\n<meta property=\"og:url\" content=\"https:\/\/nordestealarme.pt\/?page_id=1607\" \/>\n<meta property=\"og:site_name\" content=\"NordesteAlarme\" \/>\n<meta property=\"article:publisher\" content=\"https:\/\/www.facebook.com\/Nordeste-Alarme-346666698692284\/?fref=ts\" \/>\n<meta property=\"article:modified_time\" content=\"2017-03-04T11:50:11+00:00\" \/>\n<meta property=\"og:image\" content=\"https:\/\/nordestealarme.pt\/wp-content\/uploads\/2017\/02\/extintores1.jpg\" \/>\n\t<meta property=\"og:image:width\" content=\"250\" \/>\n\t<meta property=\"og:image:height\" content=\"283\" \/>\n<meta name=\"twitter:card\" content=\"summary\" \/>\n<meta name=\"twitter:label1\" content=\"Tempo estimado de leitura\" \/>\n\t<meta name=\"twitter:data1\" content=\"1 minuto\" \/>\n<script type=\"application\/ld+json\" class=\"yoast-schema-graph\">{\"@context\":\"https:\/\/schema.org\",\"@graph\":[{\"@type\":\"Organization\",\"@id\":\"https:\/\/nordestealarme.pt\/#organization\",\"name\":\"Nordeste Alarme - Servi\\u00e7os de Tecnologia de Seguran\\u00e7a, Lda\",\"url\":\"https:\/\/nordestealarme.pt\/\",\"sameAs\":[\"https:\/\/www.facebook.com\/Nordeste-Alarme-346666698692284\/?fref=ts\"],\"logo\":{\"@type\":\"ImageObject\",\"@id\":\"https:\/\/nordestealarme.pt\/#logo\",\"inLanguage\":\"pt-PT\",\"url\":\"https:\/\/nordestealarme.pt\/wp-content\/uploads\/2017\/02\/logonomargin.png\",\"contentUrl\":\"https:\/\/nordestealarme.pt\/wp-content\/uploads\/2017\/02\/logonomargin.png\",\"width\":206,\"height\":49,\"caption\":\"Nordeste Alarme - Servi\\u00e7os de Tecnologia de Seguran\\u00e7a, Lda\"},\"image\":{\"@id\":\"https:\/\/nordestealarme.pt\/#logo\"}},{\"@type\":\"WebSite\",\"@id\":\"https:\/\/nordestealarme.pt\/#website\",\"url\":\"https:\/\/nordestealarme.pt\/\",\"name\":\"NordesteAlarme\",\"description\":\"Servi\\u00e7os de Tecnologia e Seguran\\u00e7a\",\"publisher\":{\"@id\":\"https:\/\/nordestealarme.pt\/#organization\"},\"potentialAction\":[{\"@type\":\"SearchAction\",\"target\":{\"@type\":\"EntryPoint\",\"urlTemplate\":\"https:\/\/nordestealarme.pt\/?s={search_term_string}\"},\"query-input\":\"required name=search_term_string\"}],\"inLanguage\":\"pt-PT\"},{\"@type\":\"ImageObject\",\"@id\":\"https:\/\/nordestealarme.pt\/?page_id=1607#primaryimage\",\"inLanguage\":\"pt-PT\",\"url\":\"https:\/\/nordestealarme.pt\/wp-content\/uploads\/2017\/02\/extintores1.jpg\",\"contentUrl\":\"https:\/\/nordestealarme.pt\/wp-content\/uploads\/2017\/02\/extintores1.jpg\",\"width\":250,\"height\":283},{\"@type\":\"WebPage\",\"@id\":\"https:\/\/nordestealarme.pt\/?page_id=1607#webpage\",\"url\":\"https:\/\/nordestealarme.pt\/?page_id=1607\",\"name\":\"Manuten\\u00e7\\u00e3o - NordesteAlarme\",\"isPartOf\":{\"@id\":\"https:\/\/nordestealarme.pt\/#website\"},\"primaryImageOfPage\":{\"@id\":\"https:\/\/nordestealarme.pt\/?page_id=1607#primaryimage\"},\"datePublished\":\"2017-02-14T00:29:32+00:00\",\"dateModified\":\"2017-03-04T11:50:11+00:00\",\"breadcrumb\":{\"@id\":\"https:\/\/nordestealarme.pt\/?page_id=1607#breadcrumb\"},\"inLanguage\":\"pt-PT\",\"potentialAction\":[{\"@type\":\"ReadAction\",\"target\":[\"https:\/\/nordestealarme.pt\/?page_id=1607\"]}]},{\"@type\":\"BreadcrumbList\",\"@id\":\"https:\/\/nordestealarme.pt\/?page_id=1607#breadcrumb\",\"itemListElement\":[{\"@type\":\"ListItem\",\"position\":1,\"name\":\"In\\u00edcio\",\"item\":\"https:\/\/nordestealarme.pt\/\"},{\"@type\":\"ListItem\",\"position\":2,\"name\":\"Servi\\u00e7os\",\"item\":\"https:\/\/nordestealarme.pt\/?page_id=198\"},{\"@type\":\"ListItem\",\"position\":3,\"name\":\"Manuten\\u00e7\\u00e3o\"}]}]}<\/script>\n<!-- \/ Yoast SEO plugin. -->","yoast_head_json":{"robots":{"index":"index","follow":"follow","max-snippet":"max-snippet:-1","max-image-preview":"max-image-preview:large","max-video-preview":"max-video-preview:-1"},"canonical":"https:\/\/nordestealarme.pt\/?page_id=1607","og_locale":"pt_PT","og_type":"article","og_title":"Manuten\u00e7\u00e3o - NordesteAlarme","og_description":"&nbsp; Um extintor \u00e9\u00a0 um equipamento de seguran\u00e7a de protec\u00e7\u00e3o activa cujo foco \u00e9\u00a0auxiliar na prote\u00e7\u00e3o e combate inicial a\u00a0focos de inc\u00eandio, evitando assim que estes se transformem em situa\u00e7\u00f5es de maior dimens\u00e3o e de mais dificil extin\u00e7\u00e3o. A carga do extintor\u00a0\u00e9 de dura\u00e7\u00e3o e carga limitada, sendo assim cr\u00edtico ter informa\u00e7\u00e3o sobre como utilizar [&hellip;]","og_url":"https:\/\/nordestealarme.pt\/?page_id=1607","og_site_name":"NordesteAlarme","article_publisher":"https:\/\/www.facebook.com\/Nordeste-Alarme-346666698692284\/?fref=ts","article_modified_time":"2017-03-04T11:50:11+00:00","og_image":[{"width":250,"height":283,"url":"https:\/\/nordestealarme.pt\/wp-content\/uploads\/2017\/02\/extintores1.jpg","type":"image\/jpeg"}],"twitter_card":"summary","twitter_misc":{"Tempo estimado de leitura":"1 minuto"},"schema":{"@context":"https:\/\/schema.org","@graph":[{"@type":"Organization","@id":"https:\/\/nordestealarme.pt\/#organization","name":"Nordeste Alarme - Servi\u00e7os de Tecnologia de Seguran\u00e7a, Lda","url":"https:\/\/nordestealarme.pt\/","sameAs":["https:\/\/www.facebook.com\/Nordeste-Alarme-346666698692284\/?fref=ts"],"logo":{"@type":"ImageObject","@id":"https:\/\/nordestealarme.pt\/#logo","inLanguage":"pt-PT","url":"https:\/\/nordestealarme.pt\/wp-content\/uploads\/2017\/02\/logonomargin.png","contentUrl":"https:\/\/nordestealarme.pt\/wp-content\/uploads\/2017\/02\/logonomargin.png","width":206,"height":49,"caption":"Nordeste Alarme - Servi\u00e7os de Tecnologia de Seguran\u00e7a, Lda"},"image":{"@id":"https:\/\/nordestealarme.pt\/#logo"}},{"@type":"WebSite","@id":"https:\/\/nordestealarme.pt\/#website","url":"https:\/\/nordestealarme.pt\/","name":"NordesteAlarme","description":"Servi\u00e7os de Tecnologia e Seguran\u00e7a","publisher":{"@id":"https:\/\/nordestealarme.pt\/#organization"},"potentialAction":[{"@type":"SearchAction","target":{"@type":"EntryPoint","urlTemplate":"https:\/\/nordestealarme.pt\/?s={search_term_string}"},"query-input":"required name=search_term_string"}],"inLanguage":"pt-PT"},{"@type":"ImageObject","@id":"https:\/\/nordestealarme.pt\/?page_id=1607#primaryimage","inLanguage":"pt-PT","url":"https:\/\/nordestealarme.pt\/wp-content\/uploads\/2017\/02\/extintores1.jpg","contentUrl":"https:\/\/nordestealarme.pt\/wp-content\/uploads\/2017\/02\/extintores1.jpg","width":250,"height":283},{"@type":"WebPage","@id":"https:\/\/nordestealarme.pt\/?page_id=1607#webpage","url":"https:\/\/nordestealarme.pt\/?page_id=1607","name":"Manuten\u00e7\u00e3o - NordesteAlarme","isPartOf":{"@id":"https:\/\/nordestealarme.pt\/#website"},"primaryImageOfPage":{"@id":"https:\/\/nordestealarme.pt\/?page_id=1607#primaryimage"},"datePublished":"2017-02-14T00:29:32+00:00","dateModified":"2017-03-04T11:50:11+00:00","breadcrumb":{"@id":"https:\/\/nordestealarme.pt\/?page_id=1607#breadcrumb"},"inLanguage":"pt-PT","potentialAction":[{"@type":"ReadAction","target":["https:\/\/nordestealarme.pt\/?page_id=1607"]}]},{"@type":"BreadcrumbList","@id":"https:\/\/nordestealarme.pt\/?page_id=1607#breadcrumb","itemListElement":[{"@type":"ListItem","position":1,"name":"In\u00edcio","item":"https:\/\/nordestealarme.pt\/"},{"@type":"ListItem","position":2,"name":"Servi\u00e7os","item":"https:\/\/nordestealarme.pt\/?page_id=198"},{"@type":"ListItem","position":3,"name":"Manuten\u00e7\u00e3o"}]}]}},"_links":{"self":[{"href":"https:\/\/nordestealarme.pt\/index.php?rest_route=\/wp\/v2\/pages\/1607"}],"collection":[{"href":"https:\/\/nordestealarme.pt\/index.php?rest_route=\/wp\/v2\/pages"}],"about":[{"href":"https:\/\/nordestealarme.pt\/index.php?rest_route=\/wp\/v2\/types\/page"}],"author":[{"embeddable":true,"href":"https:\/\/nordestealarme.pt\/index.php?rest_route=\/wp\/v2\/users\/1"}],"replies":[{"embeddable":true,"href":"https:\/\/nordestealarme.pt\/index.php?rest_route=%2Fwp%2Fv2%2Fcomments&post=1607"}],"version-history":[{"count":12,"href":"https:\/\/nordestealarme.pt\/index.php?rest_route=\/wp\/v2\/pages\/1607\/revisions"}],"predecessor-version":[{"id":1947,"href":"https:\/\/nordestealarme.pt\/index.php?rest_route=\/wp\/v2\/pages\/1607\/revisions\/1947"}],"up":[{"embeddable":true,"href":"https:\/\/nordestealarme.pt\/index.php?rest_route=\/wp\/v2\/pages\/198"}],"wp:featuredmedia":[{"embeddable":true,"href":"https:\/\/nordestealarme.pt\/index.php?rest_route=\/wp\/v2\/media\/1937"}],"wp:attachment":[{"href":"https:\/\/nordestealarme.pt\/index.php?rest_route=%2Fwp%2Fv2%2Fmedia&parent=1607"}],"curies":[{"name":"wp","href":"https:\/\/api.w.org\/{rel}","templated":true}]}}