{"id":1506,"date":"2017-02-12T11:30:50","date_gmt":"2017-02-12T11:30:50","guid":{"rendered":"http:\/\/nordestealarme.pt\/?page_id=1506"},"modified":"2022-12-15T11:31:17","modified_gmt":"2022-12-15T11:31:17","slug":"contactos","status":"publish","type":"page","link":"https:\/\/nordestealarme.pt\/?page_id=1506","title":{"rendered":"Contactos"},"content":{"rendered":"<p><iframe loading=\"lazy\" style=\"border: 0;\" src=\"https:\/\/www.google.com\/maps\/embed?pb=!1m18!1m12!1m3!1d1488.226452173136!2d-7.462267743481714!3d41.75389208115722!2m3!1f0!2f0!3f0!3m2!1i1024!2i768!4f13.1!3m3!1m2!1s0xd3ade74e7d17a1b%3A0x7121a3d6e9fd212d!2sAv.+T%C3%A2mega+31%2C+Chaves!5e0!3m2!1spt-PT!2spt!4v1486898966442\" width=\"1150\" height=\"450\" frameborder=\"0\" allowfullscreen=\"allowfullscreen\"><\/iframe><\/p>\n<p>&nbsp;<\/p>\n<table width=\"1200\">\n<tbody>\n<tr>\n<th>Fale Connoso!<\/th>\n<th><\/th>\n<th>Contactos<\/th>\n<\/tr>\n<tr>\n<td><div role=\"form\" class=\"wpcf7\" id=\"wpcf7-f1518-o1\" lang=\"pt-PT\" dir=\"ltr\">\n<div class=\"screen-reader-response\"><p role=\"status\" aria-live=\"polite\" aria-atomic=\"true\"><\/p> <ul><\/ul><\/div>\n<form action=\"\/index.php?rest_route=%2Fwp%2Fv2%2Fpages%2F1506#wpcf7-f1518-o1\" method=\"post\" class=\"wpcf7-form init\" novalidate=\"novalidate\" data-status=\"init\">\n<div style=\"display: none;\">\n<input type=\"hidden\" name=\"_wpcf7\" value=\"1518\" \/>\n<input type=\"hidden\" name=\"_wpcf7_version\" value=\"5.5.2\" \/>\n<input type=\"hidden\" name=\"_wpcf7_locale\" value=\"pt_PT\" \/>\n<input type=\"hidden\" name=\"_wpcf7_unit_tag\" value=\"wpcf7-f1518-o1\" \/>\n<input type=\"hidden\" name=\"_wpcf7_container_post\" value=\"0\" \/>\n<input type=\"hidden\" name=\"_wpcf7_posted_data_hash\" value=\"\" \/>\n<input type=\"hidden\" name=\"_wpcf7cf_hidden_group_fields\" value=\"\" \/>\n<input type=\"hidden\" name=\"_wpcf7cf_hidden_groups\" value=\"\" \/>\n<input type=\"hidden\" name=\"_wpcf7cf_visible_groups\" value=\"\" \/>\n<input type=\"hidden\" name=\"_wpcf7cf_repeaters\" value=\"[]\" \/>\n<input type=\"hidden\" name=\"_wpcf7cf_steps\" value=\"{}\" \/>\n<input type=\"hidden\" name=\"_wpcf7cf_options\" value=\"{&quot;form_id&quot;:1518,&quot;conditions&quot;:[],&quot;settings&quot;:{&quot;animation&quot;:&quot;yes&quot;,&quot;animation_intime&quot;:200,&quot;animation_outtime&quot;:200,&quot;conditions_ui&quot;:&quot;normal&quot;,&quot;notice_dismissed&quot;:false}}\" \/>\n<input type=\"hidden\" name=\"_wpcf7_recaptcha_response\" value=\"\" \/>\n<\/div>\n<p><label> O seu nome (obrigat\u00f3rio)<br \/>\n    <span class=\"wpcf7-form-control-wrap your-name\"><input type=\"text\" name=\"your-name\" value=\"\" size=\"40\" class=\"wpcf7-form-control wpcf7-text wpcf7-validates-as-required\" aria-required=\"true\" aria-invalid=\"false\" \/><\/span> <\/label><\/p>\n<p><label> O seu email (obrigat\u00f3rio)<br \/>\n    <span class=\"wpcf7-form-control-wrap your-email\"><input type=\"email\" name=\"your-email\" value=\"\" size=\"40\" class=\"wpcf7-form-control wpcf7-text wpcf7-email wpcf7-validates-as-required wpcf7-validates-as-email\" aria-required=\"true\" aria-invalid=\"false\" \/><\/span> <\/label><\/p>\n<p><label> Assunto<br \/>\n    <span class=\"wpcf7-form-control-wrap your-subject\"><input type=\"text\" name=\"your-subject\" value=\"\" size=\"40\" class=\"wpcf7-form-control wpcf7-text\" aria-invalid=\"false\" \/><\/span> <\/label><\/p>\n<p><label> A sua mensagem<br \/>\n    <span class=\"wpcf7-form-control-wrap your-message\"><textarea name=\"your-message\" cols=\"40\" rows=\"10\" class=\"wpcf7-form-control wpcf7-textarea\" aria-invalid=\"false\"><\/textarea><\/span> <\/label><\/p>\n\n<p><input type=\"submit\" value=\"Enviar\" class=\"wpcf7-form-control has-spinner wpcf7-submit\" \/><\/p>\n<p style=\"display: none !important;\"><label>&#916;<textarea name=\"_wpcf7_ak_hp_textarea\" cols=\"45\" rows=\"8\" maxlength=\"100\"><\/textarea><\/label><input type=\"hidden\" id=\"ak_js\" name=\"_wpcf7_ak_js\" value=\"128\"\/><script>document.getElementById( \"ak_js\" ).setAttribute( \"value\", ( new Date() ).getTime() );<\/script><\/p><div class=\"wpcf7-response-output\" aria-hidden=\"true\"><\/div><\/form><\/div><\/td>\n<td><\/td>\n<td>\n<div class=\"mod\" data-ved=\"0ahUKEwi2nMCVvYrSAhUFmBoKHSXdCcwQkCkImwEoAzAU\" data-hveid=\"155\" data-md=\"1002\">\n<div class=\"_eFb\">\n<div class=\"_mr kno-fb-ctx\" data-ved=\"0ahUKEwi2nMCVvYrSAhUFmBoKHSXdCcwQghwInAEoADAU\" data-dtype=\"d3adr\"><strong><span class=\"_xdb\">Endere\u00e7o<\/span><\/strong><\/div>\n<div class=\"_mr kno-fb-ctx\" data-ved=\"0ahUKEwi2nMCVvYrSAhUFmBoKHSXdCcwQghwInAEoADAU\" data-dtype=\"d3adr\"><span class=\"_xdb\">Av. do T\u00e2mega<\/span><\/div>\n<div class=\"_mr kno-fb-ctx\" data-ved=\"0ahUKEwi2nMCVvYrSAhUFmBoKHSXdCcwQghwInAEoADAU\" data-dtype=\"d3adr\"><span class=\"_xdb\">Edif\u00edcio Santa Cruz 31 &#8211; Lj 2 <\/span><\/div>\n<div class=\"_mr kno-fb-ctx\" data-ved=\"0ahUKEwi2nMCVvYrSAhUFmBoKHSXdCcwQghwInAEoADAU\" data-dtype=\"d3adr\"><span class=\"_xdb\">5400-714 Chaves<\/span><\/div>\n<div class=\"_mr kno-fb-ctx\" data-ved=\"0ahUKEwi2nMCVvYrSAhUFmBoKHSXdCcwQghwInAEoADAU\" data-dtype=\"d3adr\"><\/div>\n<div class=\"_mr kno-fb-ctx\" data-ved=\"0ahUKEwi2nMCVvYrSAhUFmBoKHSXdCcwQghwInAEoADAU\" data-dtype=\"d3adr\"><\/div>\n<\/div>\n<\/div>\n<p>&nbsp;<\/p>\n<div class=\"mod\" data-ved=\"0ahUKEwi2nMCVvYrSAhUFmBoKHSXdCcwQkCkIngEoBDAV\" data-hveid=\"158\" data-md=\"1006\">\n<div class=\"_eFb\">\n<div class=\"_mr kno-fb-ctx\" data-ved=\"0ahUKEwi2nMCVvYrSAhUFmBoKHSXdCcwQ8I0BCJ8BKAAwFQ\" data-dtype=\"d3ph\"><strong><span class=\"_xdb\">Telefone<\/span><\/strong><\/div>\n<div class=\"_mr kno-fb-ctx\" data-ved=\"0ahUKEwi2nMCVvYrSAhUFmBoKHSXdCcwQ8I0BCJ8BKAAwFQ\" data-dtype=\"d3ph\"><span class=\"_Xbe _ZWk kno-fv\"><a class=\"fl r-imv_kasTdrlU\" title=\"Telefonar atrav\u00e9s do Hangouts\" data-ved=\"0ahUKEwi2nMCVvYrSAhUFmBoKHSXdCcwQkAgIoQEoADAV\" data-rtid=\"imv_kasTdrlU\" data-pstn-out-call-url=\"\" data-number=\"+351276328447\">276 328 447 <\/a><\/span><\/div>\n<div class=\"_mr kno-fb-ctx\" data-ved=\"0ahUKEwi2nMCVvYrSAhUFmBoKHSXdCcwQ8I0BCJ8BKAAwFQ\" data-dtype=\"d3ph\"><span class=\"_Xbe _ZWk kno-fv\"><a class=\"fl r-imv_kasTdrlU\" title=\"Telefonar atrav\u00e9s do Hangouts\" data-ved=\"0ahUKEwi2nMCVvYrSAhUFmBoKHSXdCcwQkAgIoQEoADAV\" data-rtid=\"imv_kasTdrlU\" data-pstn-out-call-url=\"\" data-number=\"+351276328447\">(Chamada para a rede fixa nacional)<\/a><\/span><\/div>\n<p>&nbsp;<\/p>\n<div class=\"_mr kno-fb-ctx\" data-ved=\"0ahUKEwi2nMCVvYrSAhUFmBoKHSXdCcwQ8I0BCJ8BKAAwFQ\" data-dtype=\"d3ph\"><\/div>\n<div class=\"_mr kno-fb-ctx\" data-ved=\"0ahUKEwi2nMCVvYrSAhUFmBoKHSXdCcwQ8I0BCJ8BKAAwFQ\" data-dtype=\"d3ph\"><\/div>\n<div class=\"_mr kno-fb-ctx\" data-ved=\"0ahUKEwi2nMCVvYrSAhUFmBoKHSXdCcwQ8I0BCJ8BKAAwFQ\" data-dtype=\"d3ph\"><strong>Telem\u00f3vel<\/strong><\/div>\n<div class=\"_mr kno-fb-ctx\" data-ved=\"0ahUKEwi2nMCVvYrSAhUFmBoKHSXdCcwQ8I0BCJ8BKAAwFQ\" data-dtype=\"d3ph\"><span class=\"_Xbe _ZWk kno-fv\"><a class=\"fl r-imv_kasTdrlU\" title=\"Telefonar atrav\u00e9s do Hangouts\" data-ved=\"0ahUKEwi2nMCVvYrSAhUFmBoKHSXdCcwQkAgIoQEoADAV\" data-rtid=\"imv_kasTdrlU\" data-pstn-out-call-url=\"\" data-number=\"+351276328447\">939<\/a> 906 247 <\/span><\/div>\n<div class=\"_mr kno-fb-ctx\" data-ved=\"0ahUKEwi2nMCVvYrSAhUFmBoKHSXdCcwQ8I0BCJ8BKAAwFQ\" data-dtype=\"d3ph\"><span class=\"_Xbe _ZWk kno-fv\">(Chamada para a rede m\u00f3vel nacional)<\/span><\/div>\n<\/div>\n<\/div>\n<\/td>\n<\/tr>\n<tr>\n<td><\/td>\n<td><\/td>\n<td><\/td>\n<\/tr>\n<\/tbody>\n<\/table>\n","protected":false},"excerpt":{"rendered":"<p>&nbsp; Fale Connoso! Contactos Endere\u00e7o Av. do T\u00e2mega Edif\u00edcio Santa Cruz 31 &#8211; Lj 2 5400-714 Chaves &nbsp; Telefone 276 328 447 (Chamada para a rede fixa nacional) &nbsp; Telem\u00f3vel 939 906 247 (Chamada para a rede m\u00f3vel nacional)<\/p>\n","protected":false},"author":1,"featured_media":0,"parent":0,"menu_order":0,"comment_status":"closed","ping_status":"closed","template":"","meta":[],"yoast_head":"<!-- This site is optimized with the Yoast SEO plugin v17.4 - https:\/\/yoast.com\/wordpress\/plugins\/seo\/ -->\n<meta name=\"robots\" content=\"index, follow, max-snippet:-1, max-image-preview:large, max-video-preview:-1\" \/>\n<link rel=\"canonical\" href=\"https:\/\/nordestealarme.pt\/?page_id=1506\" \/>\n<meta property=\"og:locale\" content=\"pt_PT\" \/>\n<meta property=\"og:type\" content=\"article\" \/>\n<meta property=\"og:title\" content=\"Contactos - NordesteAlarme\" \/>\n<meta property=\"og:description\" content=\"&nbsp; Fale Connoso! Contactos Endere\u00e7o Av. do T\u00e2mega Edif\u00edcio Santa Cruz 31 &#8211; Lj 2 5400-714 Chaves &nbsp; Telefone 276 328 447 (Chamada para a rede fixa nacional) &nbsp; Telem\u00f3vel 939 906 247 (Chamada para a rede m\u00f3vel nacional)\" \/>\n<meta property=\"og:url\" content=\"https:\/\/nordestealarme.pt\/?page_id=1506\" \/>\n<meta property=\"og:site_name\" content=\"NordesteAlarme\" \/>\n<meta property=\"article:publisher\" content=\"https:\/\/www.facebook.com\/Nordeste-Alarme-346666698692284\/?fref=ts\" \/>\n<meta property=\"article:modified_time\" content=\"2022-12-15T11:31:17+00:00\" \/>\n<meta name=\"twitter:card\" content=\"summary\" \/>\n<meta name=\"twitter:label1\" content=\"Tempo estimado de leitura\" \/>\n\t<meta name=\"twitter:data1\" content=\"1 minuto\" \/>\n<script type=\"application\/ld+json\" class=\"yoast-schema-graph\">{\"@context\":\"https:\/\/schema.org\",\"@graph\":[{\"@type\":\"Organization\",\"@id\":\"https:\/\/nordestealarme.pt\/#organization\",\"name\":\"Nordeste Alarme - Servi\\u00e7os de Tecnologia de Seguran\\u00e7a, Lda\",\"url\":\"https:\/\/nordestealarme.pt\/\",\"sameAs\":[\"https:\/\/www.facebook.com\/Nordeste-Alarme-346666698692284\/?fref=ts\"],\"logo\":{\"@type\":\"ImageObject\",\"@id\":\"https:\/\/nordestealarme.pt\/#logo\",\"inLanguage\":\"pt-PT\",\"url\":\"https:\/\/nordestealarme.pt\/wp-content\/uploads\/2017\/02\/logonomargin.png\",\"contentUrl\":\"https:\/\/nordestealarme.pt\/wp-content\/uploads\/2017\/02\/logonomargin.png\",\"width\":206,\"height\":49,\"caption\":\"Nordeste Alarme - Servi\\u00e7os de Tecnologia de Seguran\\u00e7a, Lda\"},\"image\":{\"@id\":\"https:\/\/nordestealarme.pt\/#logo\"}},{\"@type\":\"WebSite\",\"@id\":\"https:\/\/nordestealarme.pt\/#website\",\"url\":\"https:\/\/nordestealarme.pt\/\",\"name\":\"NordesteAlarme\",\"description\":\"Servi\\u00e7os de Tecnologia e Seguran\\u00e7a\",\"publisher\":{\"@id\":\"https:\/\/nordestealarme.pt\/#organization\"},\"potentialAction\":[{\"@type\":\"SearchAction\",\"target\":{\"@type\":\"EntryPoint\",\"urlTemplate\":\"https:\/\/nordestealarme.pt\/?s={search_term_string}\"},\"query-input\":\"required name=search_term_string\"}],\"inLanguage\":\"pt-PT\"},{\"@type\":\"WebPage\",\"@id\":\"https:\/\/nordestealarme.pt\/?page_id=1506#webpage\",\"url\":\"https:\/\/nordestealarme.pt\/?page_id=1506\",\"name\":\"Contactos - NordesteAlarme\",\"isPartOf\":{\"@id\":\"https:\/\/nordestealarme.pt\/#website\"},\"datePublished\":\"2017-02-12T11:30:50+00:00\",\"dateModified\":\"2022-12-15T11:31:17+00:00\",\"breadcrumb\":{\"@id\":\"https:\/\/nordestealarme.pt\/?page_id=1506#breadcrumb\"},\"inLanguage\":\"pt-PT\",\"potentialAction\":[{\"@type\":\"ReadAction\",\"target\":[\"https:\/\/nordestealarme.pt\/?page_id=1506\"]}]},{\"@type\":\"BreadcrumbList\",\"@id\":\"https:\/\/nordestealarme.pt\/?page_id=1506#breadcrumb\",\"itemListElement\":[{\"@type\":\"ListItem\",\"position\":1,\"name\":\"In\\u00edcio\",\"item\":\"https:\/\/nordestealarme.pt\/\"},{\"@type\":\"ListItem\",\"position\":2,\"name\":\"Contactos\"}]}]}<\/script>\n<!-- \/ Yoast SEO plugin. -->","yoast_head_json":{"robots":{"index":"index","follow":"follow","max-snippet":"max-snippet:-1","max-image-preview":"max-image-preview:large","max-video-preview":"max-video-preview:-1"},"canonical":"https:\/\/nordestealarme.pt\/?page_id=1506","og_locale":"pt_PT","og_type":"article","og_title":"Contactos - NordesteAlarme","og_description":"&nbsp; Fale Connoso! Contactos Endere\u00e7o Av. do T\u00e2mega Edif\u00edcio Santa Cruz 31 &#8211; Lj 2 5400-714 Chaves &nbsp; Telefone 276 328 447 (Chamada para a rede fixa nacional) &nbsp; Telem\u00f3vel 939 906 247 (Chamada para a rede m\u00f3vel nacional)","og_url":"https:\/\/nordestealarme.pt\/?page_id=1506","og_site_name":"NordesteAlarme","article_publisher":"https:\/\/www.facebook.com\/Nordeste-Alarme-346666698692284\/?fref=ts","article_modified_time":"2022-12-15T11:31:17+00:00","twitter_card":"summary","twitter_misc":{"Tempo estimado de leitura":"1 minuto"},"schema":{"@context":"https:\/\/schema.org","@graph":[{"@type":"Organization","@id":"https:\/\/nordestealarme.pt\/#organization","name":"Nordeste Alarme - Servi\u00e7os de Tecnologia de Seguran\u00e7a, Lda","url":"https:\/\/nordestealarme.pt\/","sameAs":["https:\/\/www.facebook.com\/Nordeste-Alarme-346666698692284\/?fref=ts"],"logo":{"@type":"ImageObject","@id":"https:\/\/nordestealarme.pt\/#logo","inLanguage":"pt-PT","url":"https:\/\/nordestealarme.pt\/wp-content\/uploads\/2017\/02\/logonomargin.png","contentUrl":"https:\/\/nordestealarme.pt\/wp-content\/uploads\/2017\/02\/logonomargin.png","width":206,"height":49,"caption":"Nordeste Alarme - Servi\u00e7os de Tecnologia de Seguran\u00e7a, Lda"},"image":{"@id":"https:\/\/nordestealarme.pt\/#logo"}},{"@type":"WebSite","@id":"https:\/\/nordestealarme.pt\/#website","url":"https:\/\/nordestealarme.pt\/","name":"NordesteAlarme","description":"Servi\u00e7os de Tecnologia e Seguran\u00e7a","publisher":{"@id":"https:\/\/nordestealarme.pt\/#organization"},"potentialAction":[{"@type":"SearchAction","target":{"@type":"EntryPoint","urlTemplate":"https:\/\/nordestealarme.pt\/?s={search_term_string}"},"query-input":"required name=search_term_string"}],"inLanguage":"pt-PT"},{"@type":"WebPage","@id":"https:\/\/nordestealarme.pt\/?page_id=1506#webpage","url":"https:\/\/nordestealarme.pt\/?page_id=1506","name":"Contactos - NordesteAlarme","isPartOf":{"@id":"https:\/\/nordestealarme.pt\/#website"},"datePublished":"2017-02-12T11:30:50+00:00","dateModified":"2022-12-15T11:31:17+00:00","breadcrumb":{"@id":"https:\/\/nordestealarme.pt\/?page_id=1506#breadcrumb"},"inLanguage":"pt-PT","potentialAction":[{"@type":"ReadAction","target":["https:\/\/nordestealarme.pt\/?page_id=1506"]}]},{"@type":"BreadcrumbList","@id":"https:\/\/nordestealarme.pt\/?page_id=1506#breadcrumb","itemListElement":[{"@type":"ListItem","position":1,"name":"In\u00edcio","item":"https:\/\/nordestealarme.pt\/"},{"@type":"ListItem","position":2,"name":"Contactos"}]}]}},"_links":{"self":[{"href":"https:\/\/nordestealarme.pt\/index.php?rest_route=\/wp\/v2\/pages\/1506"}],"collection":[{"href":"https:\/\/nordestealarme.pt\/index.php?rest_route=\/wp\/v2\/pages"}],"about":[{"href":"https:\/\/nordestealarme.pt\/index.php?rest_route=\/wp\/v2\/types\/page"}],"author":[{"embeddable":true,"href":"https:\/\/nordestealarme.pt\/index.php?rest_route=\/wp\/v2\/users\/1"}],"replies":[{"embeddable":true,"href":"https:\/\/nordestealarme.pt\/index.php?rest_route=%2Fwp%2Fv2%2Fcomments&post=1506"}],"version-history":[{"count":18,"href":"https:\/\/nordestealarme.pt\/index.php?rest_route=\/wp\/v2\/pages\/1506\/revisions"}],"predecessor-version":[{"id":14942,"href":"https:\/\/nordestealarme.pt\/index.php?rest_route=\/wp\/v2\/pages\/1506\/revisions\/14942"}],"wp:attachment":[{"href":"https:\/\/nordestealarme.pt\/index.php?rest_route=%2Fwp%2Fv2%2Fmedia&parent=1506"}],"curies":[{"name":"wp","href":"https:\/\/api.w.org\/{rel}","templated":true}]}}